+ 171*m**2 + 509*m + 14. What is l(-3)?
-1
Let a(k) = -5*k**2 + 80*k + 222. Determine a(-20).
-3378
Let b(w) = -w**3 - 3*w**2 + 55*w - 28. Determine b(13).
-2017
Let f(h) = 51*h**2 + 3328*h - 40. Give f(-65).
-885
Let f(i) = 720302*i + 720278. Calculate f(-1).
-24
Let k(g) = -g**3 - 125*g**2 + 379*g - 157. Give k(-128).
483
Let c(u) = 870*u - 61716. Give c(71).
54
Let y(j) = 21*j**2 - 1179*j - 96. What is y(56)?
-264
Let z(k) = -43*k - 6231. Give z(-144).
-39
Let w(j) = j**3 + 79*j**2 - 50191*j - 944. Determine w(188).
-4
Let h(i) = i**3 + 83*i**2 + 1432*i + 20. What is h(-25)?
470
Let j(l) = 16*l**3 + 4244*l**2 + 2*l + 17. Give j(0).
17
Let w(u) = -u**2 - 156*u - 5202. What is w(-112)?
-274
Let p(l) = l**3 - 8*l**2 - 4642*l + 32539. What is p(7)?
-4
Let x(q) = -258*q + 10141. What is x(39)?
79
Let w(r) = -19*r**2 + 348*r + 253. Determine w(19).
6
Let y(t) = 3*t**3 + 22*t**2 + 218*t + 2421. What is y(-9)?
54
Let v(q) = -q**3 - 83*q**2 + 41*q - 3598. Calculate v(-84).
14
Let v(h) = -128*h**2 - 19922*h - 79668. Give v(-4).
-2028
Let q(u) = 5*u**2 - 5656*u - 174192. What is q(-30)?
-12
Let o(h) = -h**3 - h**2 - 11*h + 155. Calculate o(5).
-50
Let m(p) = -968*p + 2910. Give m(3).
6
Let f(g) = 14*g**2 - 28746*g + 36942. Determine f(2052).
6
Let s(u) = 3*u**3 - 23*u**2 - 1067*u + 3238. Give s(-17).
-9
Let l(y) = -3*y**2 - 34*y + 17586. Give l(71).
49
Let m(t) = 6*t**2 - 1619*t + 30902. Determine m(21).
-451
Let u(y) = -y**3 + 7*y**2 - 2675*y + 16039. Determine u(6).
25
Let w(g) = 923*g - 57237. What is w(62)?
-11
Let p(x) = 16*x**2 - 1021*x + 3795. Give p(4).
-33
Let d(k) = -2*k**3 + 48*k**2 - 231*k - 4. Give d(11).
601
Let n(p) = -14*p**2 + 292*p - 951. What is n(17)?
-33
Let y(o) = -12*o**2 - 301*o + 1366. Give y(-29).
3
Let m(o) = -3*o**3 - 45*o**2 + 131*o - 589. Calculate m(-18).
-31
Let j(q) = 5*q**2 - 3781*q + 146733. What is j(41)?
117
Let f(x) = 4*x**3 + 1161*x**2 - 3246*x - 6744. Give f(-293).
-5
Let f(v) = 13*v**2 - 115*v + 213. Calculate f(3).
-15
Let b(g) = -3*g**3 - 76*g**2 - 371*g + 153. Calculate b(-8).
-207
Let v(j) = 1024*j - 9211. Give v(9).
5
Let t(a) = 5*a**2 + 354*a - 525. Calculate t(-69).
-1146
Let z(u) = u**2 - 30*u + 254. Determine z(15).
29
Let v(d) = 68*d**2 - 505*d - 1013. What is v(-2)?
269
Let v(o) = -957*o - 33738. Calculate v(-35).
-243
Let u(b) = -2*b**3 - 195*b**2 - 2067*b - 110. Determine u(-12).
70
Let a(f) = -f**3 + 19*f**2 + 2212*f - 36140. Give a(16).
20
Let q(s) = s**3 - 469*s**2 + 37835*s - 14121. Determine q(103).
-10
Let h(u) = 6*u**3 - 4*u**2 - 4178*u + 16723. Determine h(4).
331
Let r(p) = -59783*p - 358684. What is r(-6)?
14
Let p(g) = 3*g**2 - 61*g - 24. Calculate p(35).
1516
Let r(b) = -6*b**2 - 6962*b + 265760. Determine r(37).
-48
Let l(b) = -3*b**3 + 455*b**2 - 38*b + 28702. What is l(152)?
-178
Let t(q) = q**3 + 4*q**2 - 8447*q - 75609. What is t(-9)?
9
Let o(s) = -1942*s - 2761498. Give o(-1422).
26
Let x(m) = -m**3 - 16*m**2 - 2306*m - 29441. Calculate x(-13).
30
Let t(g) = 1222*g**2 + 134403*g - 1862. Calculate t(-110).
8
Let b(z) = -z**2 - 91*z - 738. Calculate b(-84).
-150
Let b(f) = -343*f**2 + 170*f - 528. What is b(3)?
-3105
Let y(a) = -4*a**2 + 271*a + 934. Give y(57).
3385
Let v(z) = -3*z**3 - 61*z**2 + 32*z - 234. Determine v(-21).
-24
Let j(v) = -1155*v - 3793. Calculate j(-3).
-328
Let i(h) = -4754*h - 869987. Determine i(-183).
-5
Let s(r) = -3*r**3 + 345*r**2 + 42*r - 4890. Calculate s(115).
-60
Let h(p) = -5*p**2 - 404*p - 8584. Calculate h(-23).
-1937
Let n(p) = 3*p**2 - 66*p + 1057. Give n(17).
802
Let t(f) = -5*f**2 - 915*f + 28993. Calculate t(33).
-6647
Let t(q) = -280*q**2 - 21*q - 36. What is t(-1)?
-295
Let y(i) = 7*i**2 + 214*i - 9. Calculate y(-30).
-129
Let x(t) = t**2 - 862*t + 33670. Give x(41).
9
Let a(g) = -g**2 + 148*g + 326305. Give a(-502).
5
Let m(i) = -7*i**2 + 1465*i + 28643. What is m(-18)?
5
Let q(i) = -11*i**2 - 101*i - 196. What is q(-6)?
14
Let v(z) = z**3 - 30*z**2 + 196*z + 77. Give v(13).
-248
Let j(y) = -1236*y - 60511. Give j(-49).
53
Let h(g) = -521489*g + 6779334. Calculate h(13).
-23
Let l(d) = 28*d**2 + 503*d + 862. Calculate l(-16).
-18
Let x(z) = 3404*z**3 - 7*z**2 - 30*z - 27. What is x(-1)?
-3408
Let v(b) = -b**3 + 9*b**2 - 16*b - 143. What is v(0)?
-143
Let f(u) = -16281*u + 48789. Calculate f(3).
-54
Let c(m) = m**3 + 3*m**2 + 157*m - 3028. Give c(10).
-158
Let k(g) = 6*g**3 - 72*g**2 - 3*g - 4. Calculate k(0).
-4
Let o(g) = -4*g**2 + 24033*g - 144223. Determine o(6).
-169
Let z(f) = 8*f**3 + 17*f**2 + 60*f - 189. Give z(2).
63
Let p(a) = -4*a**3 - 120*a**2 + 130*a + 194. Calculate p(-31).
8
Let n(j) = 1456*j + 11656. Calculate n(-8).
8
Let n(v) = -3*v**2 + 1740*v + 318. Calculate n(0).
318
Let x(n) = -n**3 + 39*n**2 + 148*n - 10933. Calculate x(34).
-121
Let i(b) = -3*b**2 + 32*b + 38. What is i(15)?
-157
Let g(q) = 44*q**2 - 794*q + 1386. Calculate g(2).
-26
Let y(k) = -75882*k + 531147. Give y(7).
-27
Let u(r) = 10081*r - 231847. Give u(23).
16
Let s(i) = -4*i**3 - 26*i**2 + 346*i - 123. Give s(8).
-1067
Let o(k) = 205*k - 49207. Calculate o(240).
-7
Let j(a) = 2*a**3 + 40*a**2 + 101*a + 2488. Give j(-20).
468
Let o(d) = -92041*d + 368168. Give o(4).
4
Let k(d) = -745*d + 1988. What is k(4)?
-992
Let w(s) = -9870*s + 98213. Determine w(10).
-487
Let m(f) = f**3 - 136*f**2 + 143*f - 1130. Give m(135).
-50
Let y(l) = -2*l**3 + 125*l + 147. Calculate y(0).
147
Let r(s) = s**3 - 64*s**2 + 318*s + 1044. Determine r(8).
4
Let a(i) = 82*i**2 + 35105*i + 3845. Calculate a(-428).
-7
Let w(b) = -3*b**3 - 14*b**2 + 15*b + 50. Determine w(-4).
-42
Let x(z) = z**3 + 2*z**2 + 2234*z - 8898. Determine x(4).
134
Let y(n) = 4*n**2 - 19709*n - 138069. What is y(-7)?
90
Let l(r) = r**3 - 804*r**2 - 2359*r - 50047. Calculate l(807).
-13
Let m(z) = -z**2 - 46617*z - 1118188. Determine m(-24).
44
Let u(f) = -2*f**2 + 17765*f - 106539. What is u(6)?
-21
Let g(l) = l**3 + 273*l**2 - 16*l - 4368. Determine g(-273).
0
Let a(g) = -g**3 - 18358*g - 73431. What is a(-4)?
65
Let o(s) = 527*s**2 - 14741*s - 258. What is o(28)?
162
Let p(a) = -a**3 - 530*a**2 - 12654*a - 14660. Calculate p(-505).
-15
Let n(k) = -78968*k + 710716. Give n(9).
4
Let v(j) = -18246*j - 4123595. Give v(-226).
1
Let d(j) = 1280*j + 122883. Give d(-96).
3
Let p(x) = x**3 + 37*x**2 - 1250*x - 1897. Calculate p(-58).
-41
Let o(g) = -26*g**2 + 11456*g - 11458. Determine o(1).
-28
Let v(a) = 5847*a**2 - 58462*a - 99. What is v(10)?
-19
Let c(p) = 4*p**3 + 24*p**2 + 141*p + 23. Determine c(-6).
-823
Let t(y) = -1649*y - 535. Determine t(-1).
1114
Let i(q) = 5664*q - 119694. What is i(21)?
-750
Let r(d) = 7*d**2 + 118*d - 2121. Give r(11).
24
Let q(x) = -x**3 - 5*x**2 + 994*x + 1680. What is q(30)?
0
Let j(v) = -412*v + 4195. What is j(9)?
487
Let w(c) = -931*c - 25108. Calculate w(-27).
29
Let c(s) = -s**3 + 10*s**2 - 26*s + 18. Determine c(3).
3
Let t(r) = -60*r**3 - 12*r**2 + 41*r - 26. Calculate t(4).
-3894
Let t(u) = u**3 + 8*u**2 - 332*u - 2919. Calculate t(-9).
-12
Let f(c) = 208*c**2 + 31*c - 91. Give f(3).
1874
Let i(b) = 69335*b - 565. Determine i(0).
-565
Let j(m) = -11*m**2 + 875*m + 13751. Give j(93).
-13
Let r(a) = -2*a**3 + 57*a**2 + 80*a - 1500. Determine r(29).
-21
Let n(u) = 132*u**3 - 2*u**2 - 290*u + 293. Calculate n(1).
133
Let a(d) = -12*d**3 - 3913*d**2 - 362*d - 11750. Determine a(-326).
-14
Let f(s) = 98*s**2 - 1192*s + 14. What is f(0)?
14
Let b(d) = -d**2 - 54*d + 401. What is b(-32)?
1105
Let v(b) = 191*b - 3840. Determine v(21).
171
Let u(l) = -290*l**2 - 15365*l - 33. Calculate u(-53).
-298
Let u(n) = n**3 - 157*n - 308. Determine u(-2).
-2
Let x(v) = -3434*v - 171673. Determine x(-50).
27
Let i(z) = -z**2 + 2368*z - 174160. Give i(76).
32
Let s(x) = -4156*x + 121843. Determine s(29).
1319
Let h(t) = 293*t**2 + 916*t + 12. Give h(-5).
2757
Let w(j) = j**3 + 291*j**2 + 1729*j + 5411. Calculate w(-285).
-4
Let i(d) = d + 273. What is i(-73)?
200
Let l(n) = -n**3 + 638*n**2 + 5117*n + 32956. Calculate l(646).
10
Let q(k) = k**2 - 64132*k - 320644. Determine q(-5).
41
Let p(k) = k**3 - 36*k**2 + 69*k + 931. Determine p(33).
-59
Let z(v) = -8*v**3 - 8*v**2 + 4610*v + 13816. Give z(-3).
130
Let w(o) = -23*o**3 + 45*o**2 - 329*o + 652. Give w(2).
-10
Let o(j) = j**3 - 14*j*